ens digit of s/(-5)*(0 - 5)?
7
Let w(o) = -o + 2. Let i be w(-2). Suppose -32 = -2*l + i. What is the units digit of l/8*(-96)/(-9)?
4
Let w(p) = -2*p**2 - p - 1. Let a(n) = 7*n**2 - 11*n + 3. Let r(m) = -a(m) - 3*w(m). Let j be ((-26)/(-6))/((-1)/(-3)). What is the tens digit of r(j)?
1
Let h(j) be the third derivative of 1/3*j**3 - 1/120*j**6 + 0*j + 1/12*j**4 + 0 - 2*j**2 - 1/60*j**5. What is the units digit of h(-2)?
2
Let c(w) = -71*w**3 - w**2 + 20*w + 4. What is the thousands digit of c(-4)?
4
Suppose 3*k = 3*p + 42, -4*k = -3*p - 3*k - 32. Let l be (-755)/(-45) - 2/(-9). Let a = l + p. What is the units digit of a?
8
Let j be -8 + 1*(1 + 2). Let v be (6/(-15))/(1/j). Suppose 55 = v*p + 19. What is the units digit of p?
8
Let a be (-4)/(-18) - (-16)/9. Let d be (20/(-14))/(a/(-14)). Suppose -1 - d = -j. What is the tens digit of j?
1
Let r(n) = 3*n - 11. Let g be r(6). Let m(z) = 2*z**2 + 5*z - 25. What is the hundreds digit of m(g)?
1
Let v(p) = -48*p**3 + 1. Suppose -6*r + 2*r = 0. Suppose -5 = -r*n + 5*n. What is the tens digit of v(n)?
4
Let v(f) = 30*f + 455. What is the units digit of v(-6)?
5
Let s = 1180 + -244. What is the units digit of s?
6
Let s = 2140 + -1116. What is the units digit of s?
4
Let x(g) = g**3 + 20*g - 3*g + 0 + 9*g**2 - 7*g + 3. What is the tens digit of x(-7)?
3
Suppose 2*r = 2*i - 14, 3*i = 2*r + 19 + 5. Let j = 14 - i. What is the units digit of 1162/49 + j/14?
4
Let q = 914 - 500. What is the hundreds digit of q?
4
What is the tens digit of ((-9330)/(-105))/(15/7 - 2)?
2
Let j(p) = 22*p**2 + p - 44. What is the units digit of j(4)?
2
Let j be 64/12 - (-4)/(-12). Let k(o) = 2*o**2 - o - 6. Let l be k(6). Suppose j*p - 4*p = l. What is the units digit of p?
0
Let b = 75 + 78. What is the tens digit of b?
5
Suppose -85 = 2*y - 19*y. What is the hundreds digit of 87/145 + 582/y?
1
Let a(p) = -4*p - 2*p**2 + 4*p**2 + 5 - p. Let b be a(7). Suppose 0 = 5*w - 47 - b. What is the units digit of w?
3
Let n(q) = 7*q - 13. Let w(f) = -3*f + 6. Let j = -5 - 0. Let x(d) = j*w(d) - 2*n(d). What is the units digit of x(6)?
2
Let d(i) = 21*i**2 + 17*i + 22. What is the hundreds digit of d(-6)?
6
Suppose 0 = -y + 2*d + 98, y - d - 35 = 62. Suppose 4*b = b + y. What is the tens digit of b?
3
Let n = -9 - -18. Let d be (-4)/6 - 291/n. Let u = d + 65. What is the tens digit of u?
3
Let x(v) = -v - 2. Let u be x(-8). Suppose 2*s + 5*d - 143 = 0, -3*s - d = -u*d - 202. Let f = s + -38. What is the tens digit of f?
3
Let o = -139 - -92. Let c = o - -76. What is the units digit of c?
9
Let n be (-3)/(3 - 9)*254. Let j(t) = -t**3 + 10*t**2 + 8*t - 24. Let y be j(11). Let m = y + n. What is the tens digit of m?
7
Let o(s) = -5*s**2 + 5*s - 14. Let c = -41 + 24. Let d(h) = 14*h**2 - 14*h + 41. Let y(m) = c*o(m) - 6*d(m). What is the tens digit of y(-6)?
3
Let u = -3369 - -7688. What is the units digit of u?
9
Let q = -135 + 488. What is the tens digit of q?
5
What is the units digit of (-6)/(-1) - (4 - 2715) - 3?
4
Let b(p) be the third derivative of p**4/8 - p**3/2 + 2*p**2. Let y be b(2). Suppose 5*j = 22 + y. What is the units digit of j?
5
Let x(q) = q**2 - 13*q + 14. Let f be x(11). Let v be 20/f*(-8)/10. What is the units digit of (v/1 + 2)/2?
2
Suppose -3986 = -35*n + 18134. What is the tens digit of n?
3
Let o = 155 - 54. What is the hundreds digit of o?
1
What is the tens digit of (10/(-7))/(9/(-3339)*1)?
3
Suppose -4*a = -r + 605, -3*r = 5*a - 1541 - 206. What is the tens digit of r?
8
Let n = 585 + -541. What is the units digit of n?
4
Suppose 0 = 23*b - 9969 - 7097. What is the tens digit of b?
4
Let a(m) = -m**2 + 10*m - 12. Let d be a(4). Suppose -2*v + d = 2*v, 0 = 2*p - 5*v + 7. Suppose 67 - 23 = p*b. What is the tens digit of b?
1
Let m(c) = -c**2 - 24*c + 41. Let b be m(-23). Let w = b + 60. What is the units digit of w?
4
Suppose -655 = -2*i - 3*i. Let c = i + -92. What is the tens digit of c?
3
Suppose 6*y + 1289 - 8849 = 0. What is the hundreds digit of y?
2
Let r = 2356 - 142. What is the hundreds digit of r?
2
Let j = -271 + 518. What is the hundreds digit of j?
2
Let t = 1474 + 116. What is the tens digit of t?
9
Let d(c) = 38*c**2 + 128*c - 26. What is the tens digit of d(-10)?
9
Let o(x) = -x**3 - 6*x**2 - x - 8. Let a be o(-6). Suppose 12 = 4*g + 3*b, -2*b = -2*g + 3*g + 2. Let n = a + g. What is the units digit of n?
4
Suppose -113*n + 108*n = -5*h - 10270, -8216 = -4*n - 4*h. What is the thousands digit of n?
2
Let v be 2*4/8 - -1. Suppose v*w = -4*s + 1 - 3, -4*w + 29 = -3*s. Suppose -w*z - 15 = -10*z. What is the units digit of z?
3
Let h(q) = 2*q + 7. Let r(v) = -v**2. Let o be r(-2). Let z be (63/18)/((-2)/o). What is the tens digit of h(z)?
2
Let d = -103 - -67. Let a = -69 + d. Let v = -60 - a. What is the tens digit of v?
4
Let p = 593 + -330. What is the tens digit of p?
6
Let t(h) = -549*h + 56. Let n be t(-6). Suppose -n = -6*j - 4*j. What is the hundreds digit of j?
3
Let v = -37 + 37. Suppose -5*g - 2*r + 188 = 0, 4*g + v*r = 3*r + 132. What is the tens digit of g?
3
Let v(c) = c - 4. Let l be v(-3). Let o(w) be the first derivative of w**3/3 + 3*w**2 + 7*w + 4. What is the units digit of o(l)?
4
Let z be (-39 - -40)/(1 + (-2)/4). Suppose 4*r + 8*d - 928 = 4*d, r - z*d = 238. What is the units digit of r?
4
Let a(u) = 15*u + 9. Let i be a(-2). Let q = i - -80. What is the tens digit of q?
5
Let j be (3/(-5))/((-1)/5). Suppose -3*t + 610 = -26. Suppose 5*s - 3*m - t = 0, 3*s - 2*m = -j*m + 130. What is the units digit of s?
3
Let j(u) = -u**2 + 67*u + 57. What is the units digit of j(42)?
7
Let j(n) = -n**3 + 10*n**2 - 5*n - 7. Let y be 13 + (0 + -2)*2. What is the units digit of j(y)?
9
What is the tens digit of ((-64)/(-12) + 60/(-15))*843?
2
Let c(d) = -d - 11. Let o be c(-12). Let i(y) = 201*y**3 + y**2 + y - 1. What is the tens digit of i(o)?
0
Let j = -29 + 43. Let p = j + 5. What is the units digit of p?
9
Let l(y) = -y**3 + 4*y**2 + 6*y - 2. Let r(o) = -o**2 - 5*o + 5. Let g be r(-7). Let x be 1/3 - 33/g. What is the tens digit of l(x)?
2
Let g = 66 - 7. What is the tens digit of g?
5
Let l = -759 + 1220. What is the hundreds digit of l?
4
Let c(o) = o**3 + 2*o**2 - 4*o + 3. Let b = -12 - -21. Let j = 11 - b. What is the units digit of c(j)?
1
Suppose -2*c = -2*j + j - 5, 5*c = j - 1. Let p be 2/6 - 141/j. Let s = p + -14. What is the units digit of s?
2
Let h be 214 - (-3*2 - -3). Suppose 4*u - 292 = -2*k - 2*k, -h = -3*u - k. Suppose 5*j = j + u. What is the units digit of j?
8
Suppose -6 + 11 = 5*b. Suppose -x - b = 3. What is the units digit of (9 - 6)*x/(-3)?
4
Let w = -82 - -110. Suppose -2*v + w = 16. What is the units digit of v?
6
Let a be 212/(-9)*(10 - 4)*-3. Suppose -11*w + a = -9*w. What is the tens digit of w?
1
Suppose 0 = -22*g + 5*g + 12818. What is the units digit of g?
4
Let y(w) = -w**3 + 11*w**2 - 10*w + 3. Let d be y(10). Suppose -2*r - 56 = -i + r, d*i - 116 = -4*r. What is the units digit of i?
4
Let o(w) = w. Let d(h) = -8*h + 2. Let n(c) = -d(c) - 2*o(c). What is the tens digit of n(11)?
6
Suppose 42*t - 37778 = -6194. What is the units digit of t?
2
Suppose 2*t + g = 238, 2*g + 492 = 3*t + t. What is the tens digit of t?
2
Let g(s) = s**2 - 5*s - 4. Let w be g(6). Suppose 5*c + 2*f = 270, w*c - 5*f = -0*c + 137. What is the units digit of c?
6
Suppose -197 = -4*a + l + 367, 2*l + 141 = a. What is the tens digit of a?
4
Suppose -9*v + 4334 + 3829 = 0. What is the hundreds digit of v?
9
Suppose -u = 3*m - 807, 5*u - 601 = -5*m + 3474. What is the hundreds digit of u?
8
Let m(p) be the first derivative of -p**4/2 - 2*p**3 - 3*p**2/2 + 2*p - 6. Let c be m(-4). What is the tens digit of (0 - 3/(-6))*c?
2
Let u = 3 + -1. Suppose d = -u*d. Suppose -6*o + 5*o + 53 = d. What is the units digit of o?
3
Suppose 0*z + 826 = 7*z. Let b = 48 + z. What is the tens digit of b?
6
Let b(s) = 5*s - 26. Let q be b(6). Suppose -v = 1, -3*d - q*v + 775 = v. What is the units digit of d?
0
Suppose -5*w = 3*w. Suppose w*r + 5*t - 137 = -4*r, -2*r - 3*t + 69 = 0. What is the tens digit of r?
3
Let r = 1839 + -1333. What is the tens digit of r?
0
Let k(t) = -t**2 + 11*t + 8. Let r be k(12). What is the units digit of 1*r + 4 + 72?
2
Let v(i) = 2*i**2 - 6*i + 3. What is the tens d